{"id":63,"date":"2025-01-03T14:53:51","date_gmt":"2025-01-03T14:53:51","guid":{"rendered":"https:\/\/atletasdageral.com.br\/?page_id=63"},"modified":"2025-01-03T15:00:06","modified_gmt":"2025-01-03T15:00:06","slug":"sonhos-realizados","status":"publish","type":"page","link":"https:\/\/atletasdageral.com.br\/index.php\/sonhos-realizados\/","title":{"rendered":"Sonhos realizados"},"content":{"rendered":"\n<p>Marc\u00e3o &lt;links para os sonhadores&gt;<\/p>\n\n\n\n<p><strong>Marc\u00e3o<\/strong><\/p>\n\n\n\n<p>&lt;adicionar foto do instagram&gt;<\/p>\n\n\n\n<p>Aos 54 anos de idade, ele realizou o sonho de fazer a primeira maratona e a primeira ultramaratona no ano de 2023.<\/p>\n\n\n\n<figure class=\"wp-block-embed is-type-video is-provider-youtube wp-block-embed-youtube wp-embed-aspect-16-9 wp-has-aspect-ratio\"><div class=\"wp-block-embed__wrapper\">\n<iframe loading=\"lazy\" title=\"MINHA PRIMEIRA ULTRAMARATONA - 12 HORAS NIGHT RUN ETAPA EX\u00c9RCITO 2023 - ANDR\u00c9A CAMPE\u00c3 COM 113,1 KM\" width=\"500\" height=\"281\" src=\"https:\/\/www.youtube.com\/embed\/p-iu9q67WCM?feature=oembed\" frameborder=\"0\" allow=\"accelerometer; autoplay; clipboard-write; encrypted-media; gyroscope; picture-in-picture; web-share\" referrerpolicy=\"strict-origin-when-cross-origin\" allowfullscreen><\/iframe>\n<\/div><\/figure>\n\n\n\n<figure class=\"wp-block-embed is-type-video is-provider-youtube wp-block-embed-youtube wp-embed-aspect-16-9 wp-has-aspect-ratio\"><div class=\"wp-block-embed__wrapper\">\n<iframe loading=\"lazy\" title=\"MARATONA INTERNACIONAL DE PORTO ALEGRE 2023 - PRIMEIRA MARATONA + DESAFIO DO GA\u00daCHO 21+42 - 5\u00ba LUGAR\" width=\"500\" height=\"281\" src=\"https:\/\/www.youtube.com\/embed\/8trwLkiAuBo?feature=oembed\" frameborder=\"0\" allow=\"accelerometer; autoplay; clipboard-write; encrypted-media; gyroscope; picture-in-picture; web-share\" referrerpolicy=\"strict-origin-when-cross-origin\" allowfullscreen><\/iframe>\n<\/div><\/figure>\n\n\n\n<p><\/p>\n\n\n\n<p><strong>Yasmin<\/strong><\/p>\n\n\n\n<p>Ela saiu do sedentarismo e correu pela primeira vez os 5km. Tudo \u00e9 poss\u00edvel!<\/p>\n\n\n\n<figure class=\"wp-block-embed is-type-video is-provider-youtube wp-block-embed-youtube wp-embed-aspect-16-9 wp-has-aspect-ratio\"><div class=\"wp-block-embed__wrapper\">\n<iframe loading=\"lazy\" title=\"MINHA PRIMEIRA PROVA - 5KM - CIRCUITO DAS ESTA\u00c7\u00d5ES ETAPA PRIMAVERA - BELO HORIZONTE - CORRIDA DE RUA\" width=\"500\" height=\"281\" src=\"https:\/\/www.youtube.com\/embed\/Z_0IdWFVul8?feature=oembed\" frameborder=\"0\" allow=\"accelerometer; autoplay; clipboard-write; encrypted-media; gyroscope; picture-in-picture; web-share\" referrerpolicy=\"strict-origin-when-cross-origin\" allowfullscreen><\/iframe>\n<\/div><\/figure>\n\n\n\n<p><\/p>\n\n\n\n<p><\/p>\n\n\n\n<p><strong>Luiz<\/strong><\/p>\n\n\n\n<p>Em busca do Recorde Pessoal na Volta Internacional da Pampulha 2023.<\/p>\n\n\n\n<figure class=\"wp-block-embed is-type-video is-provider-youtube wp-block-embed-youtube wp-embed-aspect-16-9 wp-has-aspect-ratio\"><div class=\"wp-block-embed__wrapper\">\n<iframe loading=\"lazy\" title=\"VOLTA INTERNACIONAL DA PAMPULHA 2023 - PRIMEIRA VEZ + ENCONTRO COM ATLETAS DA GERAL\" width=\"500\" height=\"281\" src=\"https:\/\/www.youtube.com\/embed\/PubChXHgXTk?feature=oembed\" frameborder=\"0\" allow=\"accelerometer; autoplay; clipboard-write; encrypted-media; gyroscope; picture-in-picture; web-share\" referrerpolicy=\"strict-origin-when-cross-origin\" allowfullscreen><\/iframe>\n<\/div><\/figure>\n\n\n\n<p><\/p>\n\n\n\n<p><\/p>\n\n\n\n<p><\/p>\n\n\n\n<p><strong>Eug\u00eanio<\/strong><\/p>\n\n\n\n<p>Aos 51 anos, realizou o sonho de correr a primeira Maratona (42 km).<\/p>\n\n\n\n<p><\/p>\n\n\n\n<figure class=\"wp-block-embed is-type-video is-provider-youtube wp-block-embed-youtube wp-embed-aspect-16-9 wp-has-aspect-ratio\"><div class=\"wp-block-embed__wrapper\">\n<iframe loading=\"lazy\" title=\"MINHA PRIMEIRA MARATONA (42 KM) - MARATONA INTERNACIONAL DE S\u00c3O PAULO - 7 DE ABRIL DE 2024\" width=\"500\" height=\"281\" src=\"https:\/\/www.youtube.com\/embed\/N5sKs7NnEnQ?feature=oembed\" frameborder=\"0\" allow=\"accelerometer; autoplay; clipboard-write; encrypted-media; gyroscope; picture-in-picture; web-share\" referrerpolicy=\"strict-origin-when-cross-origin\" allowfullscreen><\/iframe>\n<\/div><\/figure>\n\n\n\n<p><\/p>\n\n\n\n<p><\/p>\n\n\n\n<p><\/p>\n\n\n\n<p><strong>Simone (Sica)<\/strong><\/p>\n\n\n\n<p>Em busca do desafio da Cidade Maravilhosa (21km + 42km). Superando as adversidades.<\/p>\n\n\n\n<figure class=\"wp-block-embed is-type-video is-provider-youtube wp-block-embed-youtube wp-embed-aspect-16-9 wp-has-aspect-ratio\"><div class=\"wp-block-embed__wrapper\">\n<iframe loading=\"lazy\" title=\"CIRURGIA NOS DEDOS DOS P\u00c9S DA CORREDORA SICA - DETALHES\" width=\"500\" height=\"281\" src=\"https:\/\/www.youtube.com\/embed\/r2NIC3Hmljg?feature=oembed\" frameborder=\"0\" allow=\"accelerometer; autoplay; clipboard-write; encrypted-media; gyroscope; picture-in-picture; web-share\" referrerpolicy=\"strict-origin-when-cross-origin\" allowfullscreen><\/iframe>\n<\/div><\/figure>\n\n\n\n<p><\/p>\n\n\n\n<p><\/p>\n\n\n\n<p><\/p>\n\n\n\n<p><strong>Wemerson<\/strong><\/p>\n\n\n\n<p>Ele realizou o sonho de conseguir o recorde pessoal na Meia-maratona do Rio (21km).<\/p>\n\n\n\n<figure class=\"wp-block-embed is-type-video is-provider-youtube wp-block-embed-youtube wp-embed-aspect-16-9 wp-has-aspect-ratio\"><div class=\"wp-block-embed__wrapper\">\n<iframe loading=\"lazy\" title=\"MARATONA DO RIO 2024 - 21KM (MEIA-MARATONA) - DEU RP - 2\u00ba DIA DE PROVA - 01\/06\/2024\" width=\"500\" height=\"281\" src=\"https:\/\/www.youtube.com\/embed\/QMNUPrBF0I4?feature=oembed\" frameborder=\"0\" allow=\"accelerometer; autoplay; clipboard-write; encrypted-media; gyroscope; picture-in-picture; web-share\" referrerpolicy=\"strict-origin-when-cross-origin\" allowfullscreen><\/iframe>\n<\/div><\/figure>\n\n\n\n<p><\/p>\n\n\n\n<p><\/p>\n\n\n\n<p><strong>Anderson<\/strong><\/p>\n\n\n\n<p>Ele realizou o sonho de correr a sua prova de corrida de rua (21km).<\/p>\n\n\n\n<p><\/p>\n\n\n\n<figure class=\"wp-block-embed is-type-video is-provider-youtube wp-block-embed-youtube wp-embed-aspect-16-9 wp-has-aspect-ratio\"><div class=\"wp-block-embed__wrapper\">\n<iframe loading=\"lazy\" title=\"BON\u00cdSSIMA RUN - ETAPA INVERNO BH 2024 - MINHA PRIMEIRA PROVA DE CORRIDA DE RUA - 21 KM\" width=\"500\" height=\"281\" src=\"https:\/\/www.youtube.com\/embed\/qUXIVq7Z44I?feature=oembed\" frameborder=\"0\" allow=\"accelerometer; autoplay; clipboard-write; encrypted-media; gyroscope; picture-in-picture; web-share\" referrerpolicy=\"strict-origin-when-cross-origin\" allowfullscreen><\/iframe>\n<\/div><\/figure>\n\n\n\n<p><\/p>\n\n\n\n<p><\/p>\n\n\n\n<p><\/p>\n\n\n\n<p><strong>V\u00edtor<\/strong><\/p>\n\n\n\n<p>Ele tentou correr uma meia-maratona (21km) em 1 hora  e 24 minutos. Ser\u00e1 que conseguiu?<\/p>\n\n\n\n<figure class=\"wp-block-embed is-type-video is-provider-youtube wp-block-embed-youtube wp-embed-aspect-16-9 wp-has-aspect-ratio\"><div class=\"wp-block-embed__wrapper\">\n<iframe loading=\"lazy\" title=\"LIVE RUN XP BH 2024 - EM BUSCA DO RP NOS 21KM - 3\u00ba LUGAR NA FAIXA ET\u00c1RIA\" width=\"500\" height=\"281\" src=\"https:\/\/www.youtube.com\/embed\/CKk-FXKuLc4?feature=oembed\" frameborder=\"0\" allow=\"accelerometer; autoplay; clipboard-write; encrypted-media; gyroscope; picture-in-picture; web-share\" referrerpolicy=\"strict-origin-when-cross-origin\" allowfullscreen><\/iframe>\n<\/div><\/figure>\n\n\n\n<p><\/p>\n\n\n\n<p><\/p>\n\n\n\n<p><strong>Michael<\/strong><\/p>\n\n\n\n<p>Ele realizou o sonho de completar uma maratona (42km) e uma ultramaratona no mesmo dia.<\/p>\n\n\n\n<figure class=\"wp-block-embed is-type-video is-provider-youtube wp-block-embed-youtube wp-embed-aspect-16-9 wp-has-aspect-ratio\"><div class=\"wp-block-embed__wrapper\">\n<iframe loading=\"lazy\" title=\"ULTRAMARATONA 12 HORAS NIGHT RUN ETAPA MARINHA DO BRASIL 2024 - VILA VELHA - 1\u00ba LUGAR GERAL\" width=\"500\" height=\"281\" src=\"https:\/\/www.youtube.com\/embed\/NJxhXkGSWDA?feature=oembed\" frameborder=\"0\" allow=\"accelerometer; autoplay; clipboard-write; encrypted-media; gyroscope; picture-in-picture; web-share\" referrerpolicy=\"strict-origin-when-cross-origin\" allowfullscreen><\/iframe>\n<\/div><\/figure>\n\n\n\n<p><\/p>\n\n\n\n<p><\/p>\n\n\n\n<p><strong>Andrea<\/strong> <\/p>\n\n\n\n<p>Ela foi em busca de correr a sua primeira Ultramaratona de 24 horas. Ser\u00e1 que conseguiu?<\/p>\n\n\n\n<figure class=\"wp-block-embed is-type-video is-provider-youtube wp-block-embed-youtube wp-embed-aspect-16-9 wp-has-aspect-ratio\"><div class=\"wp-block-embed__wrapper\">\n<iframe loading=\"lazy\" title=\"14\u00aa ULTRAMARATONA 24 HORAS DE CAMPINAS - A PROVA - 24\/08\/2024 CAMPE\u00c3 - 1\u00ba LUGAR GERAL\" width=\"500\" height=\"281\" src=\"https:\/\/www.youtube.com\/embed\/7mpYi12f-CQ?feature=oembed\" frameborder=\"0\" allow=\"accelerometer; autoplay; clipboard-write; encrypted-media; gyroscope; picture-in-picture; web-share\" referrerpolicy=\"strict-origin-when-cross-origin\" allowfullscreen><\/iframe>\n<\/div><\/figure>\n\n\n\n<p><\/p>\n\n\n\n<p><\/p>\n","protected":false},"excerpt":{"rendered":"<p>Marc\u00e3o &lt;links para os sonhadores&gt; Marc\u00e3o &lt;adicionar foto do instagram&gt; Aos 54 anos de idade, ele realizou o sonho de fazer a primeira maratona e a primeira ultramaratona no ano de 2023. Yasmin Ela saiu do sedentarismo e correu pela primeira vez os 5km. Tudo \u00e9 poss\u00edvel! Luiz Em busca do Recorde Pessoal na Volta [&hellip;]<\/p>\n","protected":false},"author":1,"featured_media":0,"parent":0,"menu_order":0,"comment_status":"closed","ping_status":"closed","template":"","meta":{"footnotes":""},"class_list":["post-63","page","type-page","status-publish","hentry"],"_links":{"self":[{"href":"https:\/\/atletasdageral.com.br\/index.php\/wp-json\/wp\/v2\/pages\/63","targetHints":{"allow":["GET"]}}],"collection":[{"href":"https:\/\/atletasdageral.com.br\/index.php\/wp-json\/wp\/v2\/pages"}],"about":[{"href":"https:\/\/atletasdageral.com.br\/index.php\/wp-json\/wp\/v2\/types\/page"}],"author":[{"embeddable":true,"href":"https:\/\/atletasdageral.com.br\/index.php\/wp-json\/wp\/v2\/users\/1"}],"replies":[{"embeddable":true,"href":"https:\/\/atletasdageral.com.br\/index.php\/wp-json\/wp\/v2\/comments?post=63"}],"version-history":[{"count":4,"href":"https:\/\/atletasdageral.com.br\/index.php\/wp-json\/wp\/v2\/pages\/63\/revisions"}],"predecessor-version":[{"id":69,"href":"https:\/\/atletasdageral.com.br\/index.php\/wp-json\/wp\/v2\/pages\/63\/revisions\/69"}],"wp:attachment":[{"href":"https:\/\/atletasdageral.com.br\/index.php\/wp-json\/wp\/v2\/media?parent=63"}],"curies":[{"name":"wp","href":"https:\/\/api.w.org\/{rel}","templated":true}]}}

<p>Marcão &lt;links para os sonhadores&gt;</p>



<p><strong>Marcão</strong></p>



<p>&lt;adicionar foto do instagram&gt;</p>



<p>Aos 54 anos de idade, ele realizou o sonho de fazer a primeira maratona e a primeira ultramaratona no ano de 2023.</p>



<figure class="wp-block-embed is-type-video is-provider-youtube wp-block-embed-youtube wp-embed-aspect-16-9 wp-has-aspect-ratio"><div class="wp-block-embed__wrapper">
<iframe loading="lazy" title="MINHA PRIMEIRA ULTRAMARATONA - 12 HORAS NIGHT RUN ETAPA EXÉRCITO 2023 - ANDRÉA CAMPEÃ COM 113,1 KM" width="500" height="281" src="https://www.youtube.com/embed/p-iu9q67WCM?feature=oembed" frameborder="0" allow="accelerometer; autoplay; clipboard-write; encrypted-media; gyroscope; picture-in-picture; web-share" referrerpolicy="strict-origin-when-cross-origin" allowfullscreen></iframe>
</div></figure>



<figure class="wp-block-embed is-type-video is-provider-youtube wp-block-embed-youtube wp-embed-aspect-16-9 wp-has-aspect-ratio"><div class="wp-block-embed__wrapper">
<iframe loading="lazy" title="MARATONA INTERNACIONAL DE PORTO ALEGRE 2023 - PRIMEIRA MARATONA + DESAFIO DO GAÚCHO 21+42 - 5º LUGAR" width="500" height="281" src="https://www.youtube.com/embed/8trwLkiAuBo?feature=oembed" frameborder="0" allow="accelerometer; autoplay; clipboard-write; encrypted-media; gyroscope; picture-in-picture; web-share" referrerpolicy="strict-origin-when-cross-origin" allowfullscreen></iframe>
</div></figure>



<p></p>



<p><strong>Yasmin</strong></p>



<p>Ela saiu do sedentarismo e correu pela primeira vez os 5km. Tudo é possível!</p>



<figure class="wp-block-embed is-type-video is-provider-youtube wp-block-embed-youtube wp-embed-aspect-16-9 wp-has-aspect-ratio"><div class="wp-block-embed__wrapper">
<iframe loading="lazy" title="MINHA PRIMEIRA PROVA - 5KM - CIRCUITO DAS ESTAÇÕES ETAPA PRIMAVERA - BELO HORIZONTE - CORRIDA DE RUA" width="500" height="281" src="https://www.youtube.com/embed/Z_0IdWFVul8?feature=oembed" frameborder="0" allow="accelerometer; autoplay; clipboard-write; encrypted-media; gyroscope; picture-in-picture; web-share" referrerpolicy="strict-origin-when-cross-origin" allowfullscreen></iframe>
</div></figure>



<p></p>



<p></p>



<p><strong>Luiz</strong></p>



<p>Em busca do Recorde Pessoal na Volta Internacional da Pampulha 2023.</p>



<figure class="wp-block-embed is-type-video is-provider-youtube wp-block-embed-youtube wp-embed-aspect-16-9 wp-has-aspect-ratio"><div class="wp-block-embed__wrapper">
<iframe loading="lazy" title="VOLTA INTERNACIONAL DA PAMPULHA 2023 - PRIMEIRA VEZ + ENCONTRO COM ATLETAS DA GERAL" width="500" height="281" src="https://www.youtube.com/embed/PubChXHgXTk?feature=oembed" frameborder="0" allow="accelerometer; autoplay; clipboard-write; encrypted-media; gyroscope; picture-in-picture; web-share" referrerpolicy="strict-origin-when-cross-origin" allowfullscreen></iframe>
</div></figure>



<p></p>



<p></p>



<p></p>



<p><strong>Eugênio</strong></p>



<p>Aos 51 anos, realizou o sonho de correr a primeira Maratona (42 km).</p>



<p></p>



<figure class="wp-block-embed is-type-video is-provider-youtube wp-block-embed-youtube wp-embed-aspect-16-9 wp-has-aspect-ratio"><div class="wp-block-embed__wrapper">
<iframe loading="lazy" title="MINHA PRIMEIRA MARATONA (42 KM) - MARATONA INTERNACIONAL DE SÃO PAULO - 7 DE ABRIL DE 2024" width="500" height="281" src="https://www.youtube.com/embed/N5sKs7NnEnQ?feature=oembed" frameborder="0" allow="accelerometer; autoplay; clipboard-write; encrypted-media; gyroscope; picture-in-picture; web-share" referrerpolicy="strict-origin-when-cross-origin" allowfullscreen></iframe>
</div></figure>



<p></p>



<p></p>



<p></p>



<p><strong>Simone (Sica)</strong></p>



<p>Em busca do desafio da Cidade Maravilhosa (21km + 42km). Superando as adversidades.</p>



<figure class="wp-block-embed is-type-video is-provider-youtube wp-block-embed-youtube wp-embed-aspect-16-9 wp-has-aspect-ratio"><div class="wp-block-embed__wrapper">
<iframe loading="lazy" title="CIRURGIA NOS DEDOS DOS PÉS DA CORREDORA SICA - DETALHES" width="500" height="281" src="https://www.youtube.com/embed/r2NIC3Hmljg?feature=oembed" frameborder="0" allow="accelerometer; autoplay; clipboard-write; encrypted-media; gyroscope; picture-in-picture; web-share" referrerpolicy="strict-origin-when-cross-origin" allowfullscreen></iframe>
</div></figure>



<p></p>



<p></p>



<p></p>



<p><strong>Wemerson</strong></p>



<p>Ele realizou o sonho de conseguir o recorde pessoal na Meia-maratona do Rio (21km).</p>



<figure class="wp-block-embed is-type-video is-provider-youtube wp-block-embed-youtube wp-embed-aspect-16-9 wp-has-aspect-ratio"><div class="wp-block-embed__wrapper">
<iframe loading="lazy" title="MARATONA DO RIO 2024 - 21KM (MEIA-MARATONA) - DEU RP - 2º DIA DE PROVA - 01/06/2024" width="500" height="281" src="https://www.youtube.com/embed/QMNUPrBF0I4?feature=oembed" frameborder="0" allow="accelerometer; autoplay; clipboard-write; encrypted-media; gyroscope; picture-in-picture; web-share" referrerpolicy="strict-origin-when-cross-origin" allowfullscreen></iframe>
</div></figure>



<p></p>



<p></p>



<p><strong>Anderson</strong></p>



<p>Ele realizou o sonho de correr a sua prova de corrida de rua (21km).</p>



<p></p>



<figure class="wp-block-embed is-type-video is-provider-youtube wp-block-embed-youtube wp-embed-aspect-16-9 wp-has-aspect-ratio"><div class="wp-block-embed__wrapper">
<iframe loading="lazy" title="BONÍSSIMA RUN - ETAPA INVERNO BH 2024 - MINHA PRIMEIRA PROVA DE CORRIDA DE RUA - 21 KM" width="500" height="281" src="https://www.youtube.com/embed/qUXIVq7Z44I?feature=oembed" frameborder="0" allow="accelerometer; autoplay; clipboard-write; encrypted-media; gyroscope; picture-in-picture; web-share" referrerpolicy="strict-origin-when-cross-origin" allowfullscreen></iframe>
</div></figure>



<p></p>



<p></p>



<p></p>



<p><strong>Vítor</strong></p>



<p>Ele tentou correr uma meia-maratona (21km) em 1 hora  e 24 minutos. Será que conseguiu?</p>



<figure class="wp-block-embed is-type-video is-provider-youtube wp-block-embed-youtube wp-embed-aspect-16-9 wp-has-aspect-ratio"><div class="wp-block-embed__wrapper">
<iframe loading="lazy" title="LIVE RUN XP BH 2024 - EM BUSCA DO RP NOS 21KM - 3º LUGAR NA FAIXA ETÁRIA" width="500" height="281" src="https://www.youtube.com/embed/CKk-FXKuLc4?feature=oembed" frameborder="0" allow="accelerometer; autoplay; clipboard-write; encrypted-media; gyroscope; picture-in-picture; web-share" referrerpolicy="strict-origin-when-cross-origin" allowfullscreen></iframe>
</div></figure>



<p></p>



<p></p>



<p><strong>Michael</strong></p>



<p>Ele realizou o sonho de completar uma maratona (42km) e uma ultramaratona no mesmo dia.</p>



<figure class="wp-block-embed is-type-video is-provider-youtube wp-block-embed-youtube wp-embed-aspect-16-9 wp-has-aspect-ratio"><div class="wp-block-embed__wrapper">
<iframe loading="lazy" title="ULTRAMARATONA 12 HORAS NIGHT RUN ETAPA MARINHA DO BRASIL 2024 - VILA VELHA - 1º LUGAR GERAL" width="500" height="281" src="https://www.youtube.com/embed/NJxhXkGSWDA?feature=oembed" frameborder="0" allow="accelerometer; autoplay; clipboard-write; encrypted-media; gyroscope; picture-in-picture; web-share" referrerpolicy="strict-origin-when-cross-origin" allowfullscreen></iframe>
</div></figure>



<p></p>



<p></p>



<p><strong>Andrea</strong> </p>



<p>Ela foi em busca de correr a sua primeira Ultramaratona de 24 horas. Será que conseguiu?</p>



<figure class="wp-block-embed is-type-video is-provider-youtube wp-block-embed-youtube wp-embed-aspect-16-9 wp-has-aspect-ratio"><div class="wp-block-embed__wrapper">
<iframe loading="lazy" title="14ª ULTRAMARATONA 24 HORAS DE CAMPINAS - A PROVA - 24/08/2024 CAMPEÃ - 1º LUGAR GERAL" width="500" height="281" src="https://www.youtube.com/embed/7mpYi12f-CQ?feature=oembed" frameborder="0" allow="accelerometer; autoplay; clipboard-write; encrypted-media; gyroscope; picture-in-picture; web-share" referrerpolicy="strict-origin-when-cross-origin" allowfullscreen></iframe>
</div></figure>



<p></p>



<p></p>

<p>Marcão &lt;links para os sonhadores&gt; Marcão &lt;adicionar foto do instagram&gt; Aos 54 anos de idade, ele realizou o sonho de fazer a primeira maratona e a primeira ultramaratona no ano de 2023. Yasmin Ela saiu do sedentarismo e correu pela primeira vez os 5km. Tudo é possível! Luiz Em busca do Recorde Pessoal na Volta [&hellip;]</p>
