{"id":47,"date":"2025-01-03T14:15:55","date_gmt":"2025-01-03T14:15:55","guid":{"rendered":"https:\/\/atletasdageral.com.br\/?page_id=47"},"modified":"2025-01-08T20:51:09","modified_gmt":"2025-01-08T20:51:09","slug":"quem-somos","status":"publish","type":"page","link":"https:\/\/atletasdageral.com.br\/index.php\/quem-somos\/","title":{"rendered":"Quem somos?"},"content":{"rendered":"\n<figure class=\"wp-block-embed is-type-video is-provider-youtube wp-block-embed-youtube wp-embed-aspect-16-9 wp-has-aspect-ratio\"><div class=\"wp-block-embed__wrapper\">\n<iframe loading=\"lazy\" title=\"CLIPE ATLETAS DA GERAL - INTEGRANTES\" width=\"500\" height=\"281\" src=\"https:\/\/www.youtube.com\/embed\/ZNBhQNn0epI?feature=oembed\" frameborder=\"0\" allow=\"accelerometer; autoplay; clipboard-write; encrypted-media; gyroscope; picture-in-picture; web-share\" referrerpolicy=\"strict-origin-when-cross-origin\" allowfullscreen><\/iframe>\n<\/div><\/figure>\n\n\n\n<p><\/p>\n\n\n\n<p>INSPIRA\u00c7\u00c3O<br>O Atletas da Geral foi idealizado pela ultramaratonista Andr\u00e9a Costa que \u00e9 apaixonada pela corrida de rua e possui 15 anos de experi\u00eancia em competi\u00e7\u00f5es, alcan\u00e7ando diversos p\u00f3dios desde os 5 km at\u00e9 as longas dist\u00e2ncias.<br>A ideia do projeto \u00e9 ajudar as pessoas a REALIZAREM OS SONHOS <\/p>\n\n\n\n<p>NO UNIVERSO DA CORRIDA.<br>J\u00e1 tivemos de tudo, desde corredores\/as que sa\u00edram do <\/p>\n\n\n\n<p>SEDENTARISMO &#8211; completando os primeiros 5 km &#8211; at\u00e9 atletas estreando na ultramaratona. Afinal, somos corredores da vida real, com profiss\u00f5es diversas, mas um SONHO IDEAL, zelando pela sa\u00fade e o bem-estar.<\/p>\n\n\n\n<p><strong>os membros e o conte\u00fado<\/strong><\/p>\n\n\n\n<p>Todas as jornadas de realiza\u00e7\u00e3o de sonhos est\u00e3o registradas em nosso canal do youtube: Atletas da Geral.<\/p>\n\n\n\n<p>Mesmo ap\u00f3s a conquista dos objetivos, os membros do grupo continuam compartilhando dicas e experi\u00eancias no instagram e no youtube. Temos certeza que voc\u00ea ir\u00e1 se identificar com algum dos nossos personagens!<\/p>\n\n\n\n<p><\/p>\n\n\n\n<p><strong>Voc\u00ea pode ser o pr\u00f3ximo!<\/strong><\/p>\n\n\n\n<p>A cada semestre o canal recebe um novo membro com um novo sonho.<\/p>\n\n\n\n<p>Quer participar do projeto? Ent\u00e3o envie uma mensagem no direct nos contando qual \u00e9 seu sonho no universo da corrida. Pode ser que voc\u00ea seja selecionado para ser o pr\u00f3ximo membro!<\/p>\n\n\n\n<p><\/p>\n\n\n\n<p><strong>NOS ACOMPANHE!<\/strong><\/p>\n\n\n\n<p>Se voc\u00ea busca evoluir na corrida ou se inspirar com a jornada de outros corredores amadores, nos acompanhe!<\/p>\n\n\n\n<p><\/p>\n\n\n\n<p><\/p>\n","protected":false},"excerpt":{"rendered":"<p>INSPIRA\u00c7\u00c3OO Atletas da Geral foi idealizado pela ultramaratonista Andr\u00e9a Costa que \u00e9 apaixonada pela corrida de rua e possui 15 anos de experi\u00eancia em competi\u00e7\u00f5es, alcan\u00e7ando diversos p\u00f3dios desde os 5 km at\u00e9 as longas dist\u00e2ncias.A ideia do projeto \u00e9 ajudar as pessoas a REALIZAREM OS SONHOS NO UNIVERSO DA CORRIDA.J\u00e1 tivemos de tudo, desde [&hellip;]<\/p>\n","protected":false},"author":1,"featured_media":0,"parent":0,"menu_order":0,"comment_status":"closed","ping_status":"closed","template":"","meta":{"footnotes":""},"class_list":["post-47","page","type-page","status-publish","hentry"],"_links":{"self":[{"href":"https:\/\/atletasdageral.com.br\/index.php\/wp-json\/wp\/v2\/pages\/47","targetHints":{"allow":["GET"]}}],"collection":[{"href":"https:\/\/atletasdageral.com.br\/index.php\/wp-json\/wp\/v2\/pages"}],"about":[{"href":"https:\/\/atletasdageral.com.br\/index.php\/wp-json\/wp\/v2\/types\/page"}],"author":[{"embeddable":true,"href":"https:\/\/atletasdageral.com.br\/index.php\/wp-json\/wp\/v2\/users\/1"}],"replies":[{"embeddable":true,"href":"https:\/\/atletasdageral.com.br\/index.php\/wp-json\/wp\/v2\/comments?post=47"}],"version-history":[{"count":5,"href":"https:\/\/atletasdageral.com.br\/index.php\/wp-json\/wp\/v2\/pages\/47\/revisions"}],"predecessor-version":[{"id":108,"href":"https:\/\/atletasdageral.com.br\/index.php\/wp-json\/wp\/v2\/pages\/47\/revisions\/108"}],"wp:attachment":[{"href":"https:\/\/atletasdageral.com.br\/index.php\/wp-json\/wp\/v2\/media?parent=47"}],"curies":[{"name":"wp","href":"https:\/\/api.w.org\/{rel}","templated":true}]}}

<figure class="wp-block-embed is-type-video is-provider-youtube wp-block-embed-youtube wp-embed-aspect-16-9 wp-has-aspect-ratio"><div class="wp-block-embed__wrapper">
<iframe loading="lazy" title="CLIPE ATLETAS DA GERAL - INTEGRANTES" width="500" height="281" src="https://www.youtube.com/embed/ZNBhQNn0epI?feature=oembed" frameborder="0" allow="accelerometer; autoplay; clipboard-write; encrypted-media; gyroscope; picture-in-picture; web-share" referrerpolicy="strict-origin-when-cross-origin" allowfullscreen></iframe>
</div></figure>



<p></p>



<p>INSPIRAÇÃO<br>O Atletas da Geral foi idealizado pela ultramaratonista Andréa Costa que é apaixonada pela corrida de rua e possui 15 anos de experiência em competições, alcançando diversos pódios desde os 5 km até as longas distâncias.<br>A ideia do projeto é ajudar as pessoas a REALIZAREM OS SONHOS </p>



<p>NO UNIVERSO DA CORRIDA.<br>Já tivemos de tudo, desde corredores/as que saíram do </p>



<p>SEDENTARISMO &#8211; completando os primeiros 5 km &#8211; até atletas estreando na ultramaratona. Afinal, somos corredores da vida real, com profissões diversas, mas um SONHO IDEAL, zelando pela saúde e o bem-estar.</p>



<p><strong>os membros e o conteúdo</strong></p>



<p>Todas as jornadas de realização de sonhos estão registradas em nosso canal do youtube: Atletas da Geral.</p>



<p>Mesmo após a conquista dos objetivos, os membros do grupo continuam compartilhando dicas e experiências no instagram e no youtube. Temos certeza que você irá se identificar com algum dos nossos personagens!</p>



<p></p>



<p><strong>Você pode ser o próximo!</strong></p>



<p>A cada semestre o canal recebe um novo membro com um novo sonho.</p>



<p>Quer participar do projeto? Então envie uma mensagem no direct nos contando qual é seu sonho no universo da corrida. Pode ser que você seja selecionado para ser o próximo membro!</p>



<p></p>



<p><strong>NOS ACOMPANHE!</strong></p>



<p>Se você busca evoluir na corrida ou se inspirar com a jornada de outros corredores amadores, nos acompanhe!</p>



<p></p>



<p></p>

<p>INSPIRAÇÃOO Atletas da Geral foi idealizado pela ultramaratonista Andréa Costa que é apaixonada pela corrida de rua e possui 15 anos de experiência em competições, alcançando diversos pódios desde os 5 km até as longas distâncias.A ideia do projeto é ajudar as pessoas a REALIZAREM OS SONHOS NO UNIVERSO DA CORRIDA.Já tivemos de tudo, desde [&hellip;]</p>
